{"id":237,"date":"2025-01-18T16:44:33","date_gmt":"2025-01-18T16:44:33","guid":{"rendered":"https:\/\/arquitectura-construccion.eu\/aviso-legal\/"},"modified":"2025-01-18T16:44:33","modified_gmt":"2025-01-18T16:44:33","slug":"aviso-legal","status":"publish","type":"page","link":"https:\/\/arquitectura-construccion.eu\/en\/aviso-legal\/","title":{"rendered":"Legal Notice"},"content":{"rendered":"<!-- Legal document generated by Complianz | GDPR\/CCPA Cookie Consent https:\/\/wordpress.org\/plugins\/complianz-gdpr -->\n<div id=\"cmplz-document\" class=\"cmplz-document impressum cmplz-document-all\"><p><i>This imprint was last updated on 2 October 2025.<\/i><\/p><p class=\"cmplz-subtitle\">The owner of this website is:<\/p><p>ESTER JEREZ G\u00d3MEZ <br>Urbanizaci\u00f3n Campo Mijas, buz\u00f3n 609, 29651 Mijas Costa, M\u00e1laga<br>Spain<br>Email:&nbsp;&#106;&#101;&#114;e&#122;&#046;&#115;c&#104;n&#101;&#105;der&#064;&#097;rqui&#116;&#101;ctu&#114;&#097;&#045;&#099;&#111;ns&#116;&#114;uc&#099;i&#111;&#110;.eu<br>Phone number: 952182647<br>VAT ID: 27384052E<\/p><h2>1. General<\/h2><p>We are not willing or obliged to participate in dispute resolution procedures before a consumer arbitration board.<\/p><h2>2. The following information is mandatory according to German law.<\/h2><\/div>","protected":false},"excerpt":{"rendered":"","protected":false},"author":1,"featured_media":0,"parent":0,"menu_order":0,"comment_status":"closed","ping_status":"closed","template":"","meta":{"footnotes":""},"class_list":["post-237","page","type-page","status-publish","hentry"],"_links":{"self":[{"href":"https:\/\/arquitectura-construccion.eu\/en\/wp-json\/wp\/v2\/pages\/237","targetHints":{"allow":["GET"]}}],"collection":[{"href":"https:\/\/arquitectura-construccion.eu\/en\/wp-json\/wp\/v2\/pages"}],"about":[{"href":"https:\/\/arquitectura-construccion.eu\/en\/wp-json\/wp\/v2\/types\/page"}],"author":[{"embeddable":true,"href":"https:\/\/arquitectura-construccion.eu\/en\/wp-json\/wp\/v2\/users\/1"}],"replies":[{"embeddable":true,"href":"https:\/\/arquitectura-construccion.eu\/en\/wp-json\/wp\/v2\/comments?post=237"}],"version-history":[{"count":0,"href":"https:\/\/arquitectura-construccion.eu\/en\/wp-json\/wp\/v2\/pages\/237\/revisions"}],"wp:attachment":[{"href":"https:\/\/arquitectura-construccion.eu\/en\/wp-json\/wp\/v2\/media?parent=237"}],"curies":[{"name":"wp","href":"https:\/\/api.w.org\/{rel}","templated":true}]}}

<!-- Legal document generated by Complianz | GDPR/CCPA Cookie Consent https://wordpress.org/plugins/complianz-gdpr -->
<div id="cmplz-document" class="cmplz-document impressum cmplz-document-all"><p><i>This imprint was last updated on 2 October 2025.</i></p><p class="cmplz-subtitle">The owner of this website is:</p><p>ESTER JEREZ GÓMEZ <br>Urbanización Campo Mijas, buzón 609, 29651 Mijas Costa, Málaga<br>Spain<br>Email:&nbsp;&#106;&#101;&#114;e&#122;&#046;&#115;c&#104;n&#101;&#105;der&#064;&#097;rqui&#116;&#101;ctu&#114;&#097;&#045;&#099;&#111;ns&#116;&#114;uc&#099;i&#111;&#110;.eu<br>Phone number: 952182647<br>VAT ID: 27384052E</p><h2>1. General</h2><p>We are not willing or obliged to participate in dispute resolution procedures before a consumer arbitration board.</p><h2>2. The following information is mandatory according to German law.</h2></div>
